(-1).
11
Let t be 72/54 - 22/(-6). Suppose l = y - 3, t*l = -2*y - 55 + 19. Let d(o) = -o - 4. Give d(l).
2
Let q(r) = r**3 + 11*r**2 - 4*r - 9. Let m be q(-11). Let u be (-3)/5 - (-21)/m. Let n(x) = -x + 12. Determine n(u).
12
Let t(m) = -m**2 - 5*m - 6. Let f be t(-5). Let k(d) = -2*d - 973 - d**2 + 484 - 5*d + 482. What is k(f)?
-1
Let n(s) = -4*s**2 + s - 1. Let y be (-6)/16 + (-589)/(-248). Determine n(y).
-15
Let x(b) = -b**2 - b + 1. Let q be x(2). Let t(f) be the first derivative of -f**2 - 4*f + 6. Calculate t(q).
6
Suppose -10*y = y - 88. Suppose -y*k + 5 = 21. Let m(o) = 2*o**2 + 2*o + 3. Calculate m(k).
7
Let t(y) = -2*y**3 - 10*y**2 - 3*y + 16. Let g(u) = u**3 + 5*u**2 + u - 9. Let x(m) = -5*g(m) - 3*t(m). Determine x(-4).
-3
Suppose -2*f - 3*f + 5 = 3*o, 2*o - 10 = -5*f. Let x(k) = -11*k + 5. Let c = -521 - -516. Let d(j) = -11*j + 6. Let l(w) = c*x(w) + f*d(w). Give l(1).
10
Let j(h) = -2*h - 1. Suppose 19 - 11 = -4*o. Let b be 1*((o - 2) + 3). Determine j(b).
1
Let z(l) be the second derivative of l**3/6 + 3*l**2 - 68*l. Determine z(0).
6
Let s(w) = -5*w**2 + 5*w - 1. Suppose 0 = 2*o + k - 11, 2 + 5 = o + k. Give s(o).
-61
Let p(b) = b + 9. Let m(i) = -2*i + 88. Let h be m(17). Let c = h - 61. Calculate p(c).
2
Suppose 4*i + a = 4*a + 48, -3*i + 4*a + 36 = 0. Suppose m = -4*c + 2*m - i, 4*c = -4*m + 8. Let f(q) = 0*q**2 - 3 + q**2 + 1. Give f(c).
2
Let i = -1141 - -1145. Let p(w) = -4*w**2 + 5*w + 1. Let d(c) = -c**2 + c. Let a(t) = 3*d(t) - p(t). Calculate a(i).
7
Let d(m) = -m**2 - 6*m + 4. Let k(b) = 2*b + 2. Let w be k(-2). Let h(c) = -6*c + 32. Let l be h(7). Let n be l + 7 - (-6)/w. Determine d(n).
4
Suppose 5*z = 5*h + 10, 4*z + 11 = -2*h + 1. Let l(b) = 3*b**2 - b. Let p(d) = -d**2. Let f(a) = -l(a) + 5*p(a). Determine f(z).
-9
Let q(f) = f**2 + 12*f. Let h(z) = -z**3 + 9*z**2 - 9*z - 4. Let r be h(8). What is q(r)?
0
Let b be 11*(36/66 - 0). Let c(y) = 2*y - 5. Calculate c(b).
7
Let o(b) = b**2 - 3*b. Let q be ((-2)/4)/(13/(-78)). Let t be 7 - 1 - q/1. Determine o(t).
0
Let k = -578 + 576. Let n(z) = -4*z - 1 + 8*z + 2*z**2 - 3*z. Give n(k).
5
Let a = 178 + -176. Let p(z) be the second derivative of -z**2 + 1/2*z**3 - a*z - 1/6*z**4 + 0. Determine p(2).
-4
Let g(x) = x**3 - 4*x**2 + 6*x + 1. Let j(f) = -f**3 + 6*f**2 - 5*f - 3. Let n(b) = -6*g(b) - 7*j(b). Give n(18).
-3
Let y(w) = -w**3 - 3*w**2 - w + 5. Let n = -17 + -34. Let r = n + 47. Give y(r).
25
Let v be (5 + -2 - 2)*6. Let y(l) = -9*l - l**3 - 4 + 6*l + v + 3*l**2. Suppose 2*j = x - 1, -4*x = -14 - 6. What is y(j)?
0
Let q(o) = -o**3 - 13*o**2 + 2*o + 14. Let d(c) = 36*c + 635. Let m be d(-18). What is q(m)?
-12
Let t(o) = -5*o - 9. Let i(y) = 2*y**2 + 44*y + 123. Let q be i(-19). Determine t(q).
-54
Let q = -15 - -15. Let m(a) = 189*a**2 - 191*a**2 + 0 + q*a - a + 1. What is m(1)?
-2
Let j = -3 - -9. Let y(n) be the second derivative of -n**3/3 + n**2/2 + 6*n + 146. What is y(j)?
-11
Let x(v) be the first derivative of 17*v**3/3 - v + 10. Let b(i) = i**2 - 5*i + 5. Let n be b(2). Determine x(n).
16
Let m(d) = -4*d**2. Let g(s) = s**3 + 2*s**2 + 3*s - 3. Let u be g(2). Let z = -18 + u. Give m(z).
-4
Suppose 0 = -5*q - d - 65, -3*q + 0*d + d - 31 = 0. Let y be (-5)/2*q/(-6). Let h(c) = -3*c - 6. Calculate h(y).
9
Let a(t) be the second derivative of 2*t**3/3 - 21*t**2/2 - 61*t - 4. Calculate a(6).
3
Let f(z) = 2*z**2 - 4*z + 1. Let u be f(3). Suppose -27 - 1 = -u*n. Let j(a) = 5*a + 4. Determine j(n).
24
Let o(w) be the first derivative of -w**4/4 + 17*w**3/3 - w**2/2 - 12*w + 96. Determine o(17).
-29
Let z(s) = 36*s + 2. Let g(f) = 43*f + 1. Let x(w) = -5*g(w) + 6*z(w). Calculate x(-6).
1
Let v(f) = -f**3 + 6*f**2 + 2*f - 9. Let s(m) be the second derivative of -m**3/3 + 3*m**2 - 16*m. Let h be s(0). Determine v(h).
3
Let t(m) be the third derivative of m**5/60 + m**4/2 + m**3/2 + 533*m**2. Give t(-8).
-29
Suppose o + 117 = 2*b - 95, 3*o + 324 = 3*b. Let c(q) = 98 + q**3 - b + 6*q**2 + 0*q**3 - 8*q. Calculate c(-7).
1
Let p(f) = -f**3 + 3*f - 2. Let j = 34 + -13. Let a be -2*57/6 - (-11)/11. Let r = a + j. What is p(r)?
-20
Let x = 284 - 281. Let d(w) be the first derivative of -w**3 + 5*w**2/2 - 4*w + 4. Give d(x).
-16
Let o(m) = -m**2 - m. Let r be (-1 - 0) + (5 - 5). Let x(v) = 3 + 3*v + 5*v**2 + 5*v + 0*v. Let f(z) = r*x(z) - 4*o(z). Calculate f(-2).
1
Let i(p) be the second derivative of -p**5/5 + p**4/6 + p**3/6 + p**2/2 - p + 19. Calculate i(2).
-21
Let s = -9 + 10. Suppose s = -0*y + y. Let b be (y - 1) + 6/1. Let d(f) = f**3 - 6*f**2 + 1. Give d(b).
1
Let r(g) = -g**2 - 29*g - 144. Let y be r(-6). Let a(q) = -q**2 - 7*q - 2. Determine a(y).
4
Let s(u) = u**3 - 6*u**2 + 7*u. Let g = 366 + -363. Give s(g).
-6
Suppose 3*b - 13 = -4*g, 11*g - 6*g = 3*b + 23. Let s(p) be the third derivative of -p**6/120 + p**5/20 + 7*p**4/24 - 5*p**3/6 + p**2. What is s(g)?
7
Let m(a) = -a**2 - 2*a + 4. Let y be -2 + -1 + 4 + -3. Let u(r) = -13*r**2 + 2*r + 2. Let q be u(y). Let n be (-5)/(-2)*q/45. Give m(n).
1
Let p(o) = 12*o + 543. Let y be p(-46). Let d(m) = 2*m**3 + 17*m**2 - 11*m - 18. Calculate d(y).
0
Let z(q) = 2*q**2 + 0*q**2 + q - q**2 - 12*q**3 + 0*q**2 - 2*q**2. Calculate z(1).
-12
Suppose 2*h - 3*r = -9, 4*h - 3*r + r + 14 = 0. Let c(u) be the third derivative of u**6/120 + u**5/30 - u**4/12 + u**3/3 + 2*u**2. Give c(h).
-1
Let q(b) = -3*b**3 + 2*b**2 - b - 1. Suppose -8 = 2*p - 3*o, -35 = -p - 5*o - 13. Give q(p).
-19
Let c(s) = -s**3 - 6*s**2 + 8*s. Let v(u) = -8*u + 9*u + 8*u - 7*u**2 - u**3. Let d(p) = p**2 - 5*p - 4. Let m be d(5). Let r(o) = m*v(o) + 5*c(o). Give r(-3).
-3
Let c(g) = 7*g + 3 - 8 + 8*g**2 - g**3 - 9 + 18. What is c(9)?
-14
Let q = 222 - 229. Let m(w) = w**3 + 8*w**2 + 5*w + 3. Give m(q).
17
Suppose 5*j + 2*w = 4*j + 2, 8 = -2*j + 2*w. Suppose c + 0*c + 10 = 4*z, 3*c = 6. Let f(i) = i - z*i**2 - 4*i + 7 - 7. Give f(j).
-6
Let b(o) = 3*o + 7. Let z(s) = -s - 3. Let p(h) = -2*b(h) - 5*z(h). Suppose 5*i = 2*x - 70, -i - 4*i = -10. Let l = -44 + x. What is p(l)?
5
Suppose -8*w + 11*w + 4*x + 16 = 0, -5*w - 16 = 4*x. Let v(j) = -j**2 - j + 40. Determine v(w).
40
Let i(l) = 10*l**3 - 6*l**2 + 16. Let d(g) = 11*g**3 - 5*g**2 + 13. Let r(a) = 5*d(a) - 4*i(a). Give r(-1).
-15
Let g(l) = 20*l**2 - 30*l. Let b(r) = -7*r**2 + 11*r. Let n(z) = -17*b(z) - 6*g(z). Let u be 2/4 + 13/(-2). What is n(u)?
6
Let p(n) = -n**3 + 3*n**2 + 7*n. Let q(m) = m**3 - 5*m**2 + 2*m - 5. Let g be q(5). Suppose 5*f - 10 = -3*z, 0*z + 23 = g*z + 2*f. Determine p(z).
-15
Let v(i) = 2*i**2 - i + 4. Let f be v(0). Let a = 4 - f. Let j(q) = -q**2 + q + 20. What is j(a)?
20
Let v(o) be the second derivative of -o**5/20 + o**4/12 + o**3/3 - o**2/2 - 20*o. Let j = -8 + 6. Calculate v(j).
7
Let w(y) = -7*y - 5. Let x be (1 - -2)*(-60)/(-36). Determine w(x).
-40
Let w(o) = -4 - 6*o**2 + 41*o**3 - 78*o**3 + 36*o**3 + o. Calculate w(-6).
-10
Let m(i) = i - 7. Let z(o) = o. Let a be z(-1). Let w be 133/(-171) + (-4)/18. Let y(q) = q. Let c(b) = a*m(b) + w*y(b). Give c(6).
-5
Let t(m) = 8*m**2 + m - 1. Let x be (0 + 21)*(-26)/39. Let j = 17 + x. Suppose -5*y + 4*i - 11 = 0, 0*y = -5*y + 2*i - j. What is t(y)?
8
Let j(s) = s**3 - 3*s**2 - 7*s + 8. Let w be j(4). Let z(m) = m**3 + 5*m**2 - m - 4. Calculate z(w).
16
Suppose -7*z + 66 = -25. Let y(f) = -3 + 3 + 1 + 2*f - z*f. Calculate y(2).
-21
Let z(j) = 17 + 63*j + 70*j + 63*j - 192*j - j**2. Determine z(7).
-4
Suppose -s - 4*b - 1 - 2 = 0, s = b + 7. Let z(i) = -12 + 10 + s + 4 + 2*i. Calculate z(-7).
-7
Let v = -1 + 4. Let t(a) be the third derivative of a**4/8 - 2*a**3/3 - 139*a**2 - a. Determine t(v).
5
Let k(v) = -v**3 - 11*v**2 - 10*v - 11. Let s be k(-10). Let w = s - -11. Let z(c) = 7 - 7 - c**3 + 4*c**2 - 3*c**2 + 7. Calculate z(w).
7
Let c be (-22)/(-6) + -7 + 76/12. Let l(g) be the first derivative of 3 + 1/3*g**c + 2*g + 3*g**2. Determine l(-6).
2
Let n be 2 - 0 - (-2 + 2). Suppose 0*f + 2 = n*f. Let t(h) = h - 11*h + 2 - f. What is t(1)?
-9
Let y = -216 + 223. Let l(i) = -i + 14. Give l(y).
7
Let g(u) = 29 - u**2 - 68 - 19*u**3 + u + 40. Determine g(-1).
18
Suppose -59*s + 23 - 200 = 0. Let i(c) = c - 10. What is i(s)?
-13
Let u(o) = -3*o + 3. Let c(l) = -l**2 + 11*l - 8. Let z(w) = -w. Let v(b) = c(b) - 2*z(b). Let 